 Let x be f(-9). Let v be l(x). Suppose 0*r + 20 = r - 3*a, 4*r = a + v. List the prime factors of r.
2
Let q(t) = -t + 3. Let o be q(11). Suppose -3*n = -m - 10 - 31, 4*n = -3*m + 72. Let w = o + n. List the prime factors of w.
7
Suppose 3*q = -0*q + 18. Let s = 2 - -2. Suppose -5*w = -2*v - 3, -v - s*w + q = -2*v. What are the prime factors of v?
2, 3
Let o be (-1)/((-2)/2) + 1. Suppose -5*b + 0*p - o*p + 30 = 0, -5*b - 4*p = -30. List the prime factors of 3 + -1*2 + b.
7
Let t(h) = h**2 - 8*h + 9. Let p be t(7). Let d = p + 0. What are the prime factors of (d/3)/(6/63)?
7
Suppose -4*h = 2*m - 12 - 22, h + 34 = 2*m. What are the prime factors of m?
17
Suppose 2*x = -4*n + 50, -3*x = 2*x + 5*n - 115. Suppose -3*h = -l + 41, 0 = 5*h + 4*l - x + 61. What are the prime factors of 3 + (-1 - 1) - h?
13
Suppose -7*p + 2*p + 15 = 0. Let h = 7 + p. List the prime factors of h.
2, 5
Let k = 12 + -5. What are the prime factors of k?
7
Let g(w) = w**3 - 6*w**2 + 4*w - 7. Let x be g(6). Let t be (-392)/(-15) + 24/(-180). Let v = t - x. List the prime factors of v.
3
Suppose 0 = 10*j - 15*j + 185. List the prime factors of j.
37
Let w be (-8)/(-4)*5/(-2). Let r = 11 + w. Let g = 4 + r. What are the prime factors of g?
2, 5
Suppose -322 = -4*m + 62. List the prime factors of m.
2, 3
Let n(b) = 19*b + 1. Let s be n(-2). Let f = s - -71. What are the prime factors of f?
2, 17
Let v be 8*(-1)/2*-47. List the prime factors of ((-16)/32)/((-2)/v).
47
Let n = 10 + -8. Suppose 0 = 4*s - 26 - n. List the prime factors of s.
7
Suppose 3*q - 3*a + 39 = 0, 3*a = -6 - 0. List the prime factors of q/(-10)*(-10)/(-3).
5
Let g(x) = -33*x**3. List the prime factors of g(-1).
3, 11
Let s be (3/(-2))/(1/(-2)). Suppose -g + 1 = 0, -s*g - 33 = -0*o - 4*o. What are the prime factors of o?
3
Let o(y) = -4*y + 3 - 2 - 2. List the prime factors of o(-3).
11
Let j(s) = s**2 + 5*s - 5. Let t be j(-7). Suppose -t = g + 2*g, 36 = z - 2*g. List the prime factors of z.
2, 3, 5
Let j = -16 + 18. List the prime factors of j.
2
Let b(r) = -7*r + 1. Let g be b(-5). Suppose -3*n = 5*u - 65, -u + 4*n + g = -0*u. What are the prime factors of 10/4*u/20?
2
Let l(w) = -5*w**3 + 7*w**2 + 9*w + 8. Let x(b) = 11*b**3 - 14*b**2 - 19*b - 17. Let d(p) = -9*l(p) - 4*x(p). What are the prime factors of d(8)?
2, 5
Let n(w) = 5*w + 65. What are the prime factors of n(-7)?
2, 3, 5
Let h be 12 - ((2 - -2) + -7). Let r = h + 35. List the prime factors of r.
2, 5
Suppose 0 = q - 0*q - 2*l - 13, q = -4*l + 1. List the prime factors of q.
3
Suppose a = 6*a, -4*i + 4*a = 12. What are the prime factors of 20 + -3 - i/(-1)?
2, 7
Let g(k) = -k + 11. Let v be g(7). Suppose -2*t - 24 = -5*t. Suppose t = v*s - 28. List the prime factors of s.
3
Let y be 1 + -2 - -1 - -12. Suppose -y = -3*l - l + 3*g, -3*l = 4*g - 9. What are the prime factors of l?
3
Suppose 0 = 5*o - 84 - 21. List the prime factors of o.
3, 7
Suppose -j + 18 = 2*j. Suppose 0 = j*o - o - 45. List the prime factors of o.
3
Let m(s) = 0*s**2 + 9*s + s**2 + 2 + 5. What are the prime factors of m(-9)?
7
Let l = -8 - -10. Suppose -3*y = 3, -l*y - 3*y - 95 = -5*c. What are the prime factors of c?
2, 3
Suppose -2*j - 2*j = -20, -3*a = -j - 34. List the prime factors of a.
13
Let c = 568 + -370. List the prime factors of c.
2, 3, 11
Suppose -7*l - 276 = -9*l. What are the prime factors of l?
2, 3, 23
Let y(z) = 2*z**2 - 2*z - 2. What are the prime factors of y(5)?
2, 19
Suppose 5*h + 3*w - 48 = 7*w, 2*w + 18 = 2*h. Let j = 3 + h. List the prime factors of j.
3, 5
Let o = -49 + 312. List the prime factors of o.
263
Suppose -2*o + 823 = -m, m + 0*m - 825 = -2*o. List the prime factors of o.
2, 103
What are the prime factors of 2 + (30 - 1) + -1?
2, 3, 5
Let b(t) = 32*t - 1. Let x be 10/25 + 3/5. List the prime factors of b(x).
31
Let v(l) = -50*l**3 - l**2 - 2*l - 1. List the prime factors of v(-1).
2, 5
Suppose -5*a + 2*a = 4*u - 19, -4*a + 4*u = -16. Suppose -3*i = 3*m - 117, i - a = 6*i. List the prime factors of m.
2, 5
Suppose -3*h + h + 4 = 0. What are the prime factors of h?
2
Let n(y) = -9*y - 1. Let p be n(-1). Let h(k) = -6*k + k**2 + 1 - 5 + 0*k**2 - 1. List the prime factors of h(p).
11
Let c be (9/3 + -2)*-3. Let v be -2*(0 + c - -2). Suppose -2*y - k - 26 = -4*y, 5*y = -v*k + 56. List the prime factors of y.
2, 3
Suppose 7*y = 3*y + 16. List the prime factors of y.
2
Suppose -2*g + 36 = 30. List the prime factors of g.
3
Let d = -11 - -15. Let b be 2/d*(4 + 0). Suppose y = b*y - 3. What are the prime factors of y?
3
Suppose -2*r = -32 - 32. What are the prime factors of r?
2
Suppose 5*q - 265 = -90. What are the prime factors of q?
5, 7
Let z = -12 - -18. Suppose -2 = -q - 5*v, -4*v - z = -q - 2*q. Let t = 7 - q. List the prime factors of t.
5
Suppose 5*x + 3*t - 11 = x, 4*x = 3*t + 5. Suppose -2*j - 2*j = -o + 13, -x*j + o = 9. List the prime factors of j/(-2) + 3 + -1.
3
Let r(g) = g**3 + 8*g**2 + 8*g + 6. Let k be r(-7). Let b = k + 5. List the prime factors of b/((-8)/(-6)) + 0.
3
Let u = 38 - 26. Suppose o = 4*o - u. Suppose o*x - 18 = x. What are the prime factors of x?
2, 3
Suppose -164 = -2*k - 5*p, -4*p = 4*k - 106 - 198. List the prime factors of k.
2, 3
Let k(a) = -21*a**3 + a**2 - 1. Let r be k(-1). List the prime factors of -6*3/r*-14.
2, 3
Suppose 66 = 3*c + 3. Let j = c - -1. List the prime factors of j.
2, 11
Let c be (6/(-7))/(6/(-42)). What are the prime factors of ((-2)/c)/(2/(-78))?
13
Suppose -26 = -3*o - 146. List the prime factors of 3*(o/6)/(-4).
5
Let a(n) = -n**2 + 3*n + 3. Let b be a(3). Suppose -5 = -5*q, -4*q + b = -4*v + 15. Suppose v*y - 12 - 19 = -i, -2*i = -3*y - 18. List the prime factors of i.
3, 5
Let l = -3 - -6. Suppose 0 = -l*p + 9. What are the prime factors of 1/p - 8/(-3)?
3
Suppose -b + 490 = 5*t + 95, -5*t - 4*b = -380. Suppose t = 5*c + 5*h, 6*c - c + 3*h = 70. What are the prime factors of c?
11
Let x(s) = -1 - 6*s**2 - 2*s + 2*s**2 - s**2. Let w be x(-1). What are the prime factors of (w*1)/(2 + -4)?
2
Let v = -658 + 1111. List the prime factors of v.
3, 151
Let r be ((-8)/(-3) - 2)*15. Suppose 4*j + 2*a - 24 = -0*a, -4*j + a + 12 = 0. Suppose k + 7 = v, -j*k - r = -v + 12. List the prime factors of v.
2
Let g = -124 + 242. What are the prime factors of g?
2, 59
Let j(b) be the second derivative of -b**5/20 + 5*b**4/12 + b**3/3 - 3*b**2/2 - 4*b. List the prime factors of j(3).
3, 7
List the prime factors of ((-42)/105)/((-2)/640).
2
Let s be (4/8)/(2/196). Let d = -27 + s. What are the prime factors of d?
2, 11
Suppose -3*z = 10 - 100. What are the prime factors of z?
2, 3, 5
Suppose 4*d = -d + 10. Suppose 0 = 2*a + 4, -d*p + 10 = -0*p - 5*a. Suppose 3*u - 4 = 2*b + 27, 4*u - 4*b - 36 = p. List the prime factors of u.
13
Let v(r) = r + 16. Let i be v(-8). Suppose 2*x = -3*x + 5*m + 25, 2*m = x - 7. Suppose -x*f = -f - i. What are the prime factors of f?
2
Let f be 0*(9/3)/3. Suppose -6*q = -q - 4*j - 71, f = 5*j - 5. List the prime factors of q.
3, 5
Suppose 2*m + 4*s - 36 = 0, -5*s + 2 = -3. What are the prime factors of m?
2
Let c(t) = -t**2 - 13*t - 2. Let r be c(-9). Suppose -m - 2*l - 10 = -3*m, 5*m + 4*l = r. List the prime factors of m.
2, 3
Let b = -39 + 73. List the prime factors of b.
2, 17
Suppose 2*r + 2 = -2. Let o be ((-1 - 0) + 14)/1. Let t = o - r. List the prime factors of t.
3, 5
Suppose 0*l = -l + 6. What are the prime factors of ((-9)/l - 0)*-6?
3
Suppose -3*m = -5*i - 0*i + 1, -5*i + 4*m + 3 = 0. List the prime factors of 11 - 9 - (1 + i).
2
Let d(y) = -y**2 - 2 - 11*y + y + 13. List the prime factors of d(-10).
11
Suppose -3*k - 25 = 38. Let f(y) = y - 26. Let w be f(13). Let v = w - k. What are the prime factors of v?
2
Let n = 43 - 26. List the prime factors of -2 + n - (-15)/(-5).
2, 3
Suppose -4*v = b - 60, 0 = -8*b + 3*b + 20. List the prime factors of v.
2, 7
Suppose -12 = 4*p + 4. List the prime factors of (34/(-4))/(2/p).
17
List the prime factors of (-1*210/(-3))/2.
5, 7
Suppose -n = -52 - 137. What are the prime factors of n?
3, 7
Let n = 17 + -49. Let h be 24/((-4)/(n/6)). Let q = h - 23. List the prime factors of q.
3
Let d(x) = 7*x + 5. Let c be d(6). Suppose 5*g - c = y, -2*y + 16 = -0*g + g. Let h(i) = -i**2 + 11*i - 6. What are the prime factors of h(g)?
2
L